ivisor of 918 and 47092754?
34
Calculate the highest common factor of 76368 and 1223479.
1591
Calculate the highest common divisor of 91 and 2129139740.
91
What is the greatest common factor of 15223 and 970645?
13
Calculate the greatest common divisor of 533 and 8400121.
41
What is the greatest common divisor of 5257196 and 4308?
1436
Calculate the greatest common divisor of 982 and 86296687.
491
Calculate the highest common divisor of 94585705 and 1615.
1615
What is the greatest common divisor of 15582 and 1867194?
294
Calculate the greatest common divisor of 2541 and 7490505.
363
Calculate the highest common factor of 8022 and 27357694.
2674
What is the highest common divisor of 120711 and 29?
1
What is the greatest common factor of 8478 and 967842?
54
Calculate the greatest common factor of 4024536 and 11712.
1464
What is the greatest common factor of 504090 and 14850?
270
What is the highest common divisor of 4990383 and 1809?
27
Calculate the greatest common divisor of 43228406 and 52.
26
Calculate the greatest common divisor of 13160976 and 528.
48
What is the greatest common divisor of 184 and 25001092?
92
What is the highest common factor of 1136454 and 838077?
771
Calculate the highest common factor of 2008 and 155369.
251
What is the greatest common divisor of 361229197 and 22078?
11039
What is the highest common factor of 5899 and 13770?
17
What is the greatest common divisor of 40872 and 65604669?
5109
Calculate the highest common factor of 1266865 and 168635.
145
What is the greatest common divisor of 49156928 and 128?
64
Calculate the highest common factor of 125 and 3099835.
5
Calculate the greatest common divisor of 315 and 84769125.
105
Calculate the greatest common factor of 84265969 and 19.
19
Calculate the highest common factor of 1152 and 1457088.
192
What is the greatest common divisor of 186434020 and 20?
20
Calculate the highest common divisor of 1296414 and 1008.
126
What is the highest common factor of 7825 and 3025?
25
What is the greatest common divisor of 215514 and 2031419?
3991
What is the highest common divisor of 115 and 2496635?
5
Calculate the greatest common divisor of 30432112 and 88.
8
Calculate the greatest common factor of 8228979 and 32549.
2959
Calculate the greatest common divisor of 100738 and 2061514.
482
Calculate the greatest common factor of 14596 and 10315189.
89
Calculate the greatest common factor of 183011 and 1772449.
2507
What is the greatest common factor of 900 and 918828?
36
Calculate the highest common factor of 25178328 and 1008.
504
Calculate the greatest common factor of 4227 and 17475.
3
What is the highest common divisor of 37852412 and 25454?
2314
Calculate the greatest common factor of 593057 and 25692.
2141
Calculate the highest common divisor of 1143796761 and 2403.
2403
Calculate the greatest common factor of 10 and 607078.
2
What is the greatest common divisor of 394816 and 9751?
199
Calculate the greatest common divisor of 4851696 and 854.
122
What is the greatest common divisor of 6748 and 15868?
4
Calculate the highest common divisor of 84183596 and 29788.
2708
What is the highest common divisor of 22464 and 365440?
64
Calculate the highest common factor of 152658825 and 25.
25
Calculate the greatest common divisor of 209498464 and 96.
32
Calculate the greatest common divisor of 66750 and 481500.
750
Calculate the highest common factor of 3043609 and 737.
67
What is the highest common factor of 71739 and 1737?
9
What is the highest common factor of 1614980 and 425?
5
Calculate the greatest common factor of 12 and 307661136.
12
Calculate the highest common divisor of 6 and 67975766.
2
Calculate the greatest common divisor of 230328 and 475280.
3656
Calculate the highest common divisor of 33208197 and 99.
33
What is the highest common factor of 107561427 and 564?
141
What is the greatest common divisor of 8350 and 674400?
50
Calculate the highest common factor of 825 and 3703755.
165
What is the highest common divisor of 259 and 2369292632?
259
What is the greatest common divisor of 5752746 and 1604?
802
Calculate the greatest common divisor of 111 and 4282881.
3
Calculate the highest common factor of 2945 and 44374025.
95
What is the greatest common divisor of 9155685 and 1320?
165
Calculate the highest common factor of 320 and 1837170.
10
Calculate the greatest common factor of 13689480 and 30.
30
Calculate the highest common factor of 24752 and 5425056.
1456
Calculate the highest common divisor of 297725058 and 47899.
2521
Calculate the highest common factor of 5721 and 2770871.
1907
What is the highest common factor of 16102 and 1531727?
97
Calculate the highest common divisor of 9739932 and 4218.
114
Calculate the highest common factor of 20085 and 517335.
195
Calculate the highest common factor of 114531176 and 2312.
136
What is the highest common factor of 1605150 and 60?
30
What is the greatest common factor of 213416 and 117068?
1036
What is the highest common divisor of 560165 and 989?
23
Calculate the highest common divisor of 28 and 40622638.
14
Calculate the highest common divisor of 13230 and 5575689.
189
What is the highest common factor of 7376 and 4476?
4
What is the highest common factor of 809208 and 136?
8
Calculate the highest common divisor of 6181 and 4523609.
883
Calculate the greatest common divisor of 120323458 and 2710.
542
Calculate the greatest common factor of 3 and 378141.
3
What is the highest common factor of 515371649 and 299?
299
Calculate the highest common divisor of 3045 and 513345.
105
What is the highest common divisor of 27233260 and 213580?
3620
What is the highest common factor of 37590 and 699090?
210
What is the greatest common divisor of 20709 and 678726?
27
Calculate the greatest common divisor of 32 and 448416.
32
What is the highest common factor of 14 and 47490303?
7
Calculate the highest common factor of 215055 and 104135.
295
What is the greatest common divisor of 36 and 8646699?
3
What is the greatest common divisor of 40986 and 2642706?
1782
What is the highest common divisor of 23108 and 72376?
436
Calculate the greatest common divisor of 83665 and 2475.
5
Calculate the greatest common factor of 228 and 31179342.
114
What is the greatest common factor of 212010887 and 121?
11
Calculate the greatest common divisor of 42473872 and 64.
16
Calculate the greatest common factor of 25593774 and 78.
6
Calculate the greatest common factor of 25257316 and 21.
7
Calculate the greatest common divisor of 89532115 and 45.
5
What is the highest common divisor of 1043852376 and 504?
168
What is the highest common divisor of 78540 and 171699?
33
Calculate the greatest common factor of 1017 and 77817789.
1017
Calculate the greatest common divisor of 7313 and 2789874.
71
What is the highest common divisor of 39774216 and 12?
12
What is the highest common factor of 740577 and 2139?
69
What is the greatest common factor of 5616 and 155504?
16
What is the highest common factor of 13620 and 552972?
2724
Calculate the highest common divisor of 20010 and 1419606.
138
What is the highest common divisor of 5607152 and 664?
8
Calculate the highest common divisor of 6859 and 420755.
19
Calculate the highest common divisor of 14413 and 1730575.
203
Calculate the highest common factor of 15828434 and 26608.
3326
Calculate the greatest common factor of 1479566 and 3379.
109
Calculate the highest common divisor of 7993911 and 83140.
4157
Calculate the highest common divisor of 85 and 197204556.
17
Calculate the highest common divisor of 55692 and 67302.
18
Calculate the highest common divisor of 833946462 and 27.
27
What is the highest common divisor of 7 and 847241045?
7
What is the highest common divisor of 4541 and 14913119?
19
What is the highest common divisor of 13557 and 5505?
3
What is the greatest common divisor of 9 and 3912267?
3
What is the greatest common factor of 850813977 and 1479?
1479
Calculate the highest common divisor of 18075050 and 215.
215
Calculate the greatest common divisor of 7387469 and 323.
17
Calculate the highest common factor of 12463221 and 861.
123
What is the greatest common divisor of 87079993 and 1001?
1001
What is the highest common factor of 55229957 and 3298?
1649
What is the highest common divisor of 16398